s = -j - 247. Let q be 1 - (1/(-1) - 14). What is the highest common divisor of q and s?
16
Let g(o) = -16*o + 3. Let r(d) = -18*d + 0 + 3 - 3*d + 4*d. Let c(m) = -5*g(m) + 6*r(m). Let h be c(-4). What is the highest common divisor of 13 and h?
13
Let c be ((-2)/2 - 0)*-11. Calculate the highest common divisor of 44 and c.
11
Let a(b) = 2*b**3 + 18*b**2 + 14*b + 10. Let t be a(-8). Suppose -2*s + 11 = -4*i - 3, 0 = s + 2*i - 19. What is the highest common factor of t and s?
13
Let i(h) = 16*h + 4*h - 13*h + 15*h + 1. Let g be i(6). Let s be (-4)/(-10) - (-186)/10. Calculate the highest common factor of g and s.
19
Suppose 4*v - 27 = -15. Let j be 3*(3 - (3 - v)). What is the highest common factor of 9 and j?
9
Suppose -3*j + 8*j = -2*b + 16, -b = 3*j - 10. Suppose -3*m + 68 = -1. Let a = 21 + m. Calculate the greatest common factor of j and a.
4
Suppose 20 = 2*x + 4*t, -8*x + 3*x - 3*t = -29. Calculate the greatest common divisor of 10 and x.
2
Let d = -26 + 45. Calculate the highest common factor of d and 95.
19
Suppose 6 = -2*t - 4*q + 2*q, -t = 4*q - 3. Let v be (t/(-10))/(2/32). Calculate the greatest common divisor of v and 16.
8
Suppose 0 = -2*s - s. Suppose s = -2*n + 3*n - 57. What is the highest common factor of 19 and n?
19
Let j = -1 - -4. Suppose 2 = b - j*t - 4, -15 = -5*t. What is the highest common factor of 45 and b?
15
Let n(c) = -6*c. Let j be 4/18 + (-65)/9. Let x = j + 3. Let l be n(x). What is the highest common factor of 16 and l?
8
Suppose -200 = -5*r + 110. Let v = r + 2. What is the greatest common factor of 8 and v?
8
Suppose 4*n - j - 23 + 5 = 0, -5*j + 30 = 4*n. Let z be ((-18)/(-4))/(5/50). Calculate the greatest common factor of z and n.
5
Let d be 16 + 2*(1 + -2)*1. Suppose 95 = 2*n - 17. Calculate the highest common divisor of n and d.
14
Suppose 0 = -0*z - 4*z - 2*s + 1714, -5*z - 3*s = -2142. What is the greatest common factor of z and 39?
39
Suppose 5*t - u - 91 = 0, -2*t = u - 0*u - 42. Suppose -h + 0 = -t. What is the greatest common factor of 171 and h?
19
Suppose 0 = 4*h - 2*h - 12. Let a(p) = 11*p - 9. Let n be a(h). What is the highest common divisor of n and 38?
19
Let r(j) = -j - 5. Let k be r(-8). Let m be 73/k - 8/(-12). Calculate the highest common divisor of 25 and m.
25
Suppose 4*y + y - 55 = 0. Let u = y + -7. What is the greatest common divisor of 12 and u?
4
Suppose -52 = -4*o + 4*x, 0*o + 5*x + 33 = 3*o. What is the greatest common divisor of o and 80?
16
Let k = 38 - 6. Calculate the greatest common divisor of 352 and k.
32
Let s(m) = m**3 - 8*m**2 - 7*m + 7. Let y be s(9). What is the greatest common factor of 5 and y?
5
Let r be (-5 - (-48)/9)/(2/24). Let h = 0 + 3. Suppose b = r*a + 5 - h, -3*a - 29 = -2*b. What is the highest common factor of b and 11?
11
Suppose -4 = m - 4*b + 2, m + 2*b = 12. Calculate the greatest common factor of m and 3.
3
Let u(g) = g**2 + 8*g + 8. Let m be u(-12). What is the highest common divisor of m and 7?
7
Let y be -2*1 + 10/(-1). Let v be (18/y)/(3/(-160)). What is the highest common divisor of 16 and v?
16
Let h(i) = 37*i**2 - 6*i - 6. Let c be h(-1). Calculate the greatest common factor of c and 296.
37
Let o(i) = -i + 11. Let f be o(6). Let a = f - 3. Calculate the greatest common divisor of a and 4.
2
Suppose 3 = 3*l, 3*l + 0*l = -3*f + 93. What is the highest common divisor of 6 and f?
6
Let j(s) = -s**3 + 4*s**2 - 4*s. Let d be j(3). Let z be (-1)/(d/204) - 2. What is the greatest common factor of 6 and z?
6
Suppose 0 = 2*c, -c - 32 = 2*l + 3*c. Let n = 40 + l. Suppose 3*v + 2*j - 190 = 0, v - 40 = 5*j - j. What is the highest common divisor of v and n?
12
Suppose 4*y - 611 = -5*a, -5*a + 158 - 933 = -5*y. What is the greatest common divisor of y and 22?
22
Suppose -5*b = -2*h - 2, 4*h + 3*b = -2*b + 26. Suppose -2*r = -3*n + 180, 0*r + h*r + 60 = n. Calculate the highest common divisor of n and 6.
6
Suppose -t - 484 = -23*t. Calculate the highest common factor of 22 and t.
22
Suppose -3*x = -2 - 4. Let b be ((-2)/(-4))/(2/(-32)). Let o be 2/b + 66/8. Calculate the greatest common divisor of x and o.
2
Suppose -20*i + 19*i = -20. Calculate the highest common divisor of 20 and i.
20
Suppose 0 = 4*s - 55 + 7. Suppose s + 8 = 2*m. What is the greatest common divisor of m and 5?
5
Suppose 1 = -f + 15. Let r = -10 + f. Suppose 5*z + 6*p - 44 = 2*p, -4*z - 4*p + 32 = 0. Calculate the greatest common factor of r and z.
4
Let y be (-9)/(-3) + 5*2. What is the greatest common factor of 91 and y?
13
Let v be (459/68)/((-2)/(-8)). Suppose -2*w = -4 - 2. Calculate the greatest common divisor of w and v.
3
Let a be 9/(-6) + 7/2. Suppose -2*l = -z + a, 6 = 3*l + 5*z - 4. Suppose l = 2*d + d - 63. Calculate the highest common divisor of d and 3.
3
Let y(d) = 15*d**3 - d**2 - 3*d + 2. Let s be y(2). Suppose 0 = -3*o + 77 + s. Suppose 3*n = o - 0. Calculate the greatest common divisor of 7 and n.
7
Let x(y) = -2*y + 3. Let t(a) = a**3 + 7*a**2 - 9*a - 11. Let h be t(-8). Let p be x(h). Calculate the highest common factor of p and 81.
9
Suppose 3*b - 5*z + 4 = 5*b, 0 = -2*b + 4*z + 4. Let y(s) = 2*s - 10. Let g be y(9). Calculate the highest common divisor of b and g.
2
Let d(u) = -u**2 + 8*u - 3. Let r be d(7). Suppose -3*v + 0*v - 181 = -r*h, -93 = -2*h - v. Calculate the highest common divisor of h and 69.
23
Let i(m) = 62*m + 1. Let q be i(2). What is the highest common factor of 25 and q?
25
Let k be (-1 - (-2 + 4)) + 1 - -58. Calculate the greatest common divisor of 140 and k.
28
Suppose i - 7 = 2*r, -4*r + 61 = -i + 4*i. Suppose -3*n + 30 = -2*n. What is the greatest common divisor of i and n?
15
Let d be (-6)/(-33) + (-2)/11. Suppose -4 = l - d. Let a be (11 - 5)*(-18)/l. What is the highest common divisor of 9 and a?
9
Suppose 4*u - 3*f = -29, 2*f = 4*u - 3*f + 27. Let g be u/3*6/(-4). What is the greatest common factor of 44 and g?
4
Let a = -5 - -24. Suppose 5*x - 608 = x. Calculate the highest common divisor of a and x.
19
Let g(t) = t**3 - t**2 + 2. Let u(x) = x**3 - 9*x**2 + 2. Let m be u(9). Let o be g(m). Calculate the highest common divisor of o and 15.
3
Suppose 8*q = -8 + 264. What is the greatest common factor of 256 and q?
32
Let z be (-2)/(-5) + (-24)/(-15). Suppose u - z*u + 7 = 4*d, 0 = 5*d + 4*u - 6. Let s be 52/3 - 2/(-3). What is the highest common factor of s and d?
2
Let y = 5 - 4. Suppose -b - y + 25 = 0. Let l = b + -13. Calculate the highest common factor of l and 44.
11
Suppose 2*v = -0*v. Suppose -2*m + 14 = -v*m. What is the highest common factor of 14 and m?
7
Suppose 0 = -3*q + 5*j + 36, -7*q + 2*q + 60 = j. Let l be q/(3 + 1) + 5. Calculate the highest common divisor of 72 and l.
8
Let x = 7 + 19. Calculate the greatest common divisor of x and 104.
26
Let k be 9 + 3 + -1 - -2. Let j be (2 - 3)*-4 + 113. What is the greatest common factor of j and k?
13
Let z = 4 - -29. Let c be (44/3)/((-4)/(-6)). What is the greatest common factor of c and z?
11
Let i be (3 - 0) + (-20)/4. Let w be (1/i)/(1/(-12)). What is the highest common factor of 6 and w?
6
Suppose b = -2*t + 16 - 3, 3*b - 27 = -4*t. What is the greatest common factor of 4 and t?
2
Let g = -6 - 6. Let p be (g/7)/(4/(-42)). Suppose -33 = -5*y - 3*v, 3*v - 4*v - 4 = 0. What is the greatest common factor of y and p?
9
Suppose 0*y + y = 2, -y + 56 = 2*x. Calculate the greatest common divisor of 3 and x.
3
Let r(u) = -2*u**2 + 18*u + 2. Let k be r(8). What is the highest common divisor of k and 63?
9
Suppose -822 = -5*b - l, 78 + 258 = 2*b - 2*l. What is the greatest common divisor of b and 15?
15
Let q(j) = -6*j + 11. Let o(b) = -b**3 - 6*b**2 - 4*b - 4. Let a be o(-5). Let y be q(a). What is the highest common factor of y and 26?
13
Let z = -7 - -13. Let f be (-300)/(-9) - (-4)/z. Let p = f - 6. Calculate the greatest common factor of 42 and p.
14
Let f(q) = -q**2 + 4*q - 2. Let w be f(3). Suppose m + 1 = -5*n - 8, -3*m = 2*n + w. Suppose 2*c + m = 31. What is the greatest common divisor of 45 and c?
15
Suppose 5*s - 2*f = 14 + 20, 5*s + 5*f = 20. Let u be 0/1*s/(-6). Suppose u = -d - 3 + 8. What is the highest common factor of d and 2?
1
Let n(l) = l**3 + 5*l**2 - l - 1. Let m be n(-5). Let k = 6 - 3. Suppose 0*v + k*v = -15, 1 = 4*c + 3*v. Calculate the greatest common fa